Let z(p) = 893*p**2 - 8*p - 1792*p**2 + 2 + 900*p**2. Determine z(5).
-13
Let p(t) = -3*t + 12. Let u be p(4). Suppose 2 + u = c. Suppose -2*j = 2*f, c*f + 5 = -f + 2*j. Let r(x) = -x**3 - 1. Calculate r(f).
0
Let w(p) be the third derivative of p**7/2520 - p**5/24 + 7*p**4/12 + 11*p**2. Let h(x) be the second derivative of w(x). Calculate h(0).
-5
Let u(j) = 7*j + 6. Suppose 0 = 5*n + 3*x + 16 - 10, 9 = 2*n + 5*x. Calculate u(n).
-15
Let r(o) = o**2 + 7*o - 4. Let t be -7 + (-4 - (-4 - 0)). Give r(t).
-4
Suppose 5*b = -3*p + 30, 10*b - 5*p = 14*b - 37. Let k(m) = -b*m**2 + 114*m + 2*m**2 + 5 - 55*m - 58*m. What is k(5)?
-15
Let u(k) = -k**2 + 2. Let r(t) = 3*t**2 - 3*t - 8. Let h(i) = r(i) + 4*u(i). Let m be 2 - (-10)/(-4)*2. Give h(m).
0
Let a(j) = j**2 - 8. Let c be 1 + 2 - 6/(-3). Let y be (-2)/c - 6/(-15). Determine a(y).
-8
Let j be -4 + (7 - 4/2). Let a(i) be the second derivative of 19*i**4/12 + i**3/3 - i**2/2 - 20*i. Determine a(j).
20
Let u(n) = 15*n**3 + 0 - 14*n**3 - 5*n + 9*n**2 + 6 - 6*n. Give u(-10).
16
Let p(v) = -v**2 - 12*v + 18. Let c = 659 + -673. Give p(c).
-10
Let r(z) be the second derivative of -5*z**3/6 + 5*z**2/2 + 224*z. What is r(0)?
5
Let w(d) = -3*d**3 - 8*d**2 + 10*d + 14. Let z(i) = i**3 - i**2 + i - 1. Let o(q) = -w(q) - 2*z(q). Determine o(-11).
-1
Let u(c) = -c**3 - 23*c**2 - 8*c + 303. Let m be u(-22). Let f(x) = 4 - 3*x - 2*x**2 + 6*x**2 - 3*x + x**3. Determine f(m).
9
Let a(x) be the second derivative of -1/6*x**3 + 0 - 6*x - 3/2*x**2. Let q be a(-2). Let c(o) = -o**3 + 2*o**2 + 2*o + 1. Determine c(q).
2
Let w(j) be the second derivative of -j**5/20 - 7*j**4/12 - 2*j**3/3 + 4*j**2 + j. Suppose 9*y = 4*y - 30. Let i be w(y). Let q(d) = -d**2 - 5*d - 2. Give q(i).
2
Suppose 3*x = -3*x - 144. Let o be (-2 - (-16)/6)/((-2)/x). Let s(j) = -j**2 + 5*j + 11. Calculate s(o).
-13
Suppose -5*z + 6 - 26 = -2*p, 0 = -5*p + 4*z + 16. Suppose 4*m = 5*y - 44, -3*m - 3*y + 4*y - 22 = p. Let c(j) = 0*j - j - 938 + 944 + 3*j. Determine c(m).
-6
Suppose 4*h = 4*p + 40, -2*p = 8*h - 3*h - 15. Let k(d) = 9 - d + 2*d + 5*d**2 - d**3 - 3 - 5*d. Give k(h).
-14
Let h(a) = -3 - 11*a**3 - 7*a - 4 + 9*a + 3 + 3 - 2*a**2. Determine h(1).
-12
Let y be -1*(2 + (-6)/(-2)). Let m = 2 - y. Let u = m + -3. Let i(g) = g**3 - 6*g**2 + 7*g - 6. What is i(u)?
-10
Suppose -o - 3*h - 12 = 0, o + 4*h + 28 = 12. Suppose o = 2*f - 3*f + 3. Let r(q) = -q**2 + 2*q + 3. Give r(f).
0
Let s(d) = -4*d + 9. Let r(i) = i - 1. Let g(f) = -2*f + 7. Let a be g(3). Let u(p) = a*s(p) + 5*r(p). Let q(c) = -c**2 - 7*c - 6. Let v be q(-7). Give u(v).
-2
Let v(u) = -2*u + 15. Suppose -l = -5*x - 15, l - x = -2*x + 9. Let j be v(l). Let q(w) be the first derivative of -w**3/3 - 3*w**2 - 2*w - 1. Give q(j).
3
Let j(d) = 3*d**2 + 3*d + 4. Let v(r) = -13*r**2 - 11*r - 15. Let c(k) = -9*j(k) - 2*v(k). Give c(-4).
-2
Let z = 12 - 4. Let o(w) = -3 - 9*w**2 + z*w**2 + 1 - 5*w. Give o(-3).
4
Let j be 5 - (-3 + 8 + -2). Let n be j*(-1 + (-9)/(-6)). Let s(i) = -2*i**2 + i**2 + 2*i**2 - i - 2*i**2. Determine s(n).
-2
Let g = -30 + 34. Suppose -3*h - 1 = g*a - 2*h, a + 10 = 3*h. Let c(t) = t - 4 + 2 + 3 + 1. Give c(a).
1
Let q = 2 + -6. Suppose -3 = -2*w - g, -3*w = 4*g - 3*g - 5. Let a(j) = 6*j**2 + 6*j - 3*j**w + 2 - j - 2*j**2. Determine a(q).
-2
Let v = 96 - 102. Let a(z) = z**3 + 6*z**2 - 4*z - 5. Calculate a(v).
19
Let u(l) = -l**2 - 5*l. Suppose 26 = -0*b + 5*b - 3*j, 2 = -b - 3*j. Suppose 0 = -3*q + q + b. Suppose 2*m + 5 = -p, 0 = 2*m - 3*p + 15 + q. Calculate u(m).
4
Suppose -113 + 121 = -2*x + 4*j, -2*x - 4*j = 16. Let v(p) = -p**3 - 6*p**2 - 3*p + 2. Calculate v(x).
20
Let n(d) = -d**3 - 20*d**2 - 18*d + 3. Let g = -941 - -922. Calculate n(g).
-16
Let k be ((-3 - -3) + -7)*-1. Let y(x) = -3 + 0 + 132*x - 262*x + 129*x. Calculate y(k).
-10
Let o(d) be the second derivative of -d**4/12 + 5*d**2/2 + d. Suppose -j + 0*j = 5*r + 10, 3*j - 2*r - 4 = 0. Calculate o(j).
5
Let n(j) be the first derivative of j**3/3 - 9*j**2/2 + 3*j - 289. Let a = 24 + -17. Give n(a).
-11
Let l(q) = -q - 2. Let h be (-3 - 0)/(-1 - 0). Give l(h).
-5
Let o(m) = 14*m**2 + 131*m + 32. Let r be o(-9). Let t(z) = z**3 + 11*z**2 - 26*z - 7. What is t(r)?
-7
Suppose -8*v + 3*v = -15. Let t(p) = -p**3 + 0*p**v - 4 - 1 - 4*p**2 + 2*p + 3*p. Give t(-5).
-5
Let z = -20 + 18. Let d(o) = 4*o**2 + 9*o + 15. Let f(n) = 7*n**2 + 17*n + 28. Let l(u) = -11*d(u) + 6*f(u). Calculate l(z).
-11
Let f(y) = y + 2. Let p be (2 - (-15)/(-9))/((-2)/30). Let n(o) = -o**3 - 5*o**2 + 6. Let m be n(p). Give f(m).
8
Let k(a) = -26*a**2 + 3*a + 3. Let s(x) = 8*x**2 - x - 1. Let p(l) = 2*k(l) + 7*s(l). Calculate p(-1).
4
Let b be (-3)/(-4)*(5 - -3). Let a be (3/6)/(3/18). Let q(f) = b - 3 - a - f. Give q(-6).
6
Suppose -6*t + 15 = -7*t + 4*n, -3*n = 4*t + 22. Let a(x) = x + 7. What is a(t)?
0
Let t(n) = 22*n + 7. Let d(p) = 2*p**3 + 6*p**2 - 6*p + 6. Let i be d(-4). Determine t(i).
-37
Let z(o) = 5*o**2 + 2*o + 1. Let y be z(-1). Let d(s) = 6*s - 2. Let m(k) = -5*k + 1. Let a(w) = y*d(w) + 5*m(w). Let r = 602 - 599. Give a(r).
-6
Suppose 8 - 3 = u. Suppose 4*m + 7 = -u. Let r(a) = -5*a**3 + 3 + 3*a + 4*a**3 - 2*a**2 + 0*a**3. Determine r(m).
3
Let y(d) = d**3 - 13*d**2 - d + 17. Let a be y(13). Suppose 4*p + 5*o - a*o = 7, 2*o = -2. Let s(l) = -l**3 + 3*l**2 - 2*l + 2. Give s(p).
2
Let o(l) = 66*l + 10. Let b(z) = 20*z + 4. Let u(w) = 10*b(w) - 3*o(w). Determine u(0).
10
Let v(b) = -b**3 + b**2 - b + 4. Let i(o) = 3*o**2 - 3*o. Let h be i(1). What is v(h)?
4
Let w be 9/12 - 801/(-36). Let f(q) = q**3 - 22*q - w*q - 5*q**2 - 2 + 48*q. Calculate f(3).
-11
Let y(z) be the third derivative of 7*z**4/24 + z**3/2 - 143*z**2. Calculate y(3).
24
Let g(a) = -a**2 - 11*a - 11. Let v be g(-8). Suppose 5*f - 12 = -3*p, f + 3 + v = 4*p. Let m(q) = -2 - p*q + q + 4*q. What is m(3)?
1
Let o(i) = 2*i**2 - 4*i**2 + i - 7*i**2 + 10 - 4*i + i**3. Calculate o(9).
-17
Let z(n) be the second derivative of -n**6/72 - n**5/60 - n**4/12 + 13*n**3/3 - 26*n. Let h(d) be the second derivative of z(d). Give h(-2).
-18
Suppose -5*m - 35 = 3*o, -11 = 2*o - 5*m + 4. Let i(l) = l**3 + 9*l**2 - 10*l - 13. What is i(o)?
-13
Let b(f) = 4*f**2 - f + 1. Let k(r) = -25*r**2 + 18*r - 1. Let d(l) = -6*b(l) - k(l). Determine d(10).
-25
Let t(o) = -1. Let i(d) = -d**2 + d - 3. Let p(j) = -i(j) - 2*t(j). Calculate p(-5).
35
Let c(i) = i**3 + 1. Let y = -86 + 92. Suppose -3*t = 4*b + y, 5*t - 7 = 3*b - 17. What is c(b)?
1
Let j(q) be the first derivative of -1/20*q**5 + 0*q**3 - 5 - 3/2*q**2 - 5*q - 1/2*q**4. Let a(g) be the first derivative of j(g). What is a(-6)?
-3
Let v(s) = s**2 - 2*s - 3. Let f be (-46)/6 + (-7)/21. Let o(x) be the second derivative of -x**3/3 - 6*x**2 - 6*x. Let h be o(f). Give v(h).
5
Suppose -3*a + 5*i - 10 = -30, -3*i = 12. Suppose a*s = s - 5. Let l(q) = q**2 - 7*q + 2. Calculate l(s).
-8
Let m(f) = -f**3 - 1. Let i = -217 - -218. Determine m(i).
-2
Let h(w) = -9*w - 1. Let f(q) be the first derivative of -13*q**2/2 - 2*q - 11. Let v(a) = 5*f(a) - 7*h(a). Calculate v(-2).
1
Let m be (22 - 19) + 1*-6 + 4. Let n(q) = -6*q**2 - 2*q + 2. What is n(m)?
-6
Let a be (35/15)/(-7)*-3. Let x(d) = 13*d + 1. What is x(a)?
14
Let c(a) = 13*a**2 + 2*a + 1. Let m = -25 + 30. Suppose -d = 4*d - m. Suppose -11*q - d = -10*q. What is c(q)?
12
Let y = 8 + -2. Let s = y - 4. Let g(m) be the second derivative of -m**5/10 + m**4/6 + m**3/2 - 3*m**2/2 + 524*m. Calculate g(s).
-5
Let i be (-9 - -11)*(-6)/(-4). Let h(z) = i + 2*z**3 + 0 - z**2 + z**3 - 4*z**3. What is h(0)?
3
Let q(w) = -2*w**3 + 2*w**2 - 2*w + 3. Suppose -6*m - 3*u = -4*m - 8, -2*u + 7 = 3*m. Suppose -9*h + 19 = m. Determine q(h).
-9
Suppose 3*x + 11 = 2. Let b = 7 - 6. Let l(m) = m - b - 2*m - 1. Calculate l(x).
1
Let n(b) = -56*b**2 - 44*b**2 + 99*b**2 + 7*b - 10. Give n(3).
2
Let z(j) = -j**3 - j**2 + j + 65. Suppose -13*o = -23*o. Calculate z(o).
65
Let n(c) be the third derivative of -c**5/30 + c**3 - 76*c**2 - 2*c. What is n(2)?
-2
Let k = -4 - -7. Let l(x) = 3*x**3 - 11*x**2 - 16*x - 21. Let p(h) = 2*h**3 - 5*h**2 - 8*h - 11. Let i(b) = k*l(b) - 5*p(b). Calculate i(-7).
-1
Let b(i) = -i**2 + 1. Let g(y) = -y**3 + 9*y**2 + y - 74. Let s be g(8). Determine b(s).
-3
Suppose -50 = -3*k - 8. 